n f is divided by 14?
11
Let n(y) = y**2 - 2*y - 3. Let t be n(3). Suppose 0*r - 3*r + 39 = t. Let x(u) = u**3 - 8*u**2 + 9*u + 10. Calculate the remainder when x(7) is divided by r.
11
Suppose 6*d - 3*d + 138 = 0. Let w(n) = -n**3 - 5*n**2 + 4*n + 7. Let h be w(-7). Let g = h + d. What is the remainder when g is divided by 11?
9
Suppose -4*a + 9 = -a. Suppose 0 = 4*m - 4*i - 100, a*m - 4*i - 39 = 32. What is the remainder when m is divided by 15?
14
Let k be (-14)/35 - 14/(-10). Calculate the remainder when k/(0 - (-1)/7) is divided by 4.
3
Suppose -5*d - 26 - 4 = 0. Let x(m) = -7*m - 7. Let i be x(d). Suppose 2*n - 39 = i. What is the remainder when n is divided by 13?
11
Suppose 2*k - 6*k - q = -59, -k - 5*q + 29 = 0. Suppose -5*m = 4*a - 7 - 54, -a - k = -m. What is the remainder when m is divided by 4?
1
Let a(b) = -b**3 - 5*b**2 + 3*b + 7. Let m be a(-5). Let k = m + 14. What is the remainder when 13 is divided by ((-8)/(-6))/(2/k)?
1
Suppose 5*o = -3*c + 833, -3*o - 196 = 2*c - 695. Calculate the remainder when o is divided by 19.
17
Let m be (-4)/14 - (-1704)/(-14). Let u = 196 + m. What is the remainder when u is divided by 19?
17
Let d(c) = 2*c**2 + 2*c + 3. Let b be d(4). Let p(f) = -3*f. Let l be p(-1). Suppose 0 = l*m + 1 - b. Calculate the remainder when m is divided by 8.
6
Let w = -31 + 45. Let y = -4 + w. Calculate the remainder when y is divided by 6.
4
What is the remainder when (201*2/(-36))/((-2)/12) is divided by 24?
19
Let y(d) = -d**3 - 3*d**2 - 6*d - 7. Calculate the remainder when 20 is divided by y(-3).
9
What is the remainder when 28 is divided by (1/2)/(1*3/96)?
12
Let f = -27 - -17. Let p = 34 + f. What is the remainder when p is divided by 13?
11
Let y be 10/25 + (-4)/10. Suppose 3*a + 3 = 3*v, -4*a - 3*v + 2*v + 11 = y. What is the remainder when a/(-2)*-41*1 is divided by 14?
13
Let l(d) = d**3 - 4*d**2 + d - 3. What is the remainder when l(5) is divided by 6?
3
Suppose 15*t = 13*t + 20. What is the remainder when (4 - 1)/((-2)/(-26)) is divided by t?
9
Let m(r) be the first derivative of 1/3*r**3 + 1/2*r**2 - 2 - 2*r. Calculate the remainder when 38 is divided by m(-4).
8
Suppose 1 = -4*l + 17. Calculate the remainder when 11 is divided by l.
3
Let f(z) = -z + 27. Let b(h) = 3*h + 5*h**3 - h**2 + 5 - 6*h**3 - 3*h**2. Calculate the remainder when b(-5) is divided by f(19).
7
Suppose 8*g - 50 = 3*g. What is the remainder when g is divided by 4?
2
Let b = 27 - -19. Suppose d = -2*d + 48. Calculate the remainder when b - 1*2/(-2) is divided by d.
15
Suppose 3 = 5*v - 7. What is the remainder when (-324)/(-33) + v/11 is divided by 4?
2
Let t = 150 + -104. What is the remainder when t is divided by 16?
14
Let u = 7 - 14. Calculate the remainder when 6/21 + (-474)/u is divided by 23.
22
Let l be 8/28 + 4/(-14). What is the remainder when 23 + l/(-2) + 2 is divided by 14?
11
Let y = 91 + -53. What is the remainder when 151 is divided by y?
37
Let n = -12 - 33. Calculate the remainder when 11 is divided by n/10*4/(-3).
5
Let j(b) = b**3 - 6*b**2 + 4*b + 7. Let u be j(5). Suppose -3*h = -u*h - x - 44, -2*h = -5*x - 73. Calculate the remainder when h is divided by 17.
15
Suppose 162 = 10*k + 22. Calculate the remainder when 50 is divided by k.
8
Suppose 6*l - 3*l - 216 = 0. Suppose 3*w + l = 4*b - 0*b, -b + w = -17. Calculate the remainder when b is divided by 6.
3
Let c(s) = -s**2 + 14*s + 14. Calculate the remainder when 24 is divided by c(14).
10
Let t = 5 + 0. Let j(d) = -6*d + 19 + d + d + t*d. Calculate the remainder when j(-8) is divided by 6.
5
Suppose -q = 3*r - 5, 5*q + 5*r = 2*r + 85. What is the remainder when 78 is divided by q?
18
Let f(b) be the second derivative of -b**4/12 - 7*b**3/6 - b**2 + b. Let i be f(-6). Suppose -i*h = -9*h + 20. What is the remainder when h is divided by 2?
0
Let y be (-4)/(-14) + 2/(-7). Suppose 4*h - 3 - 5 = y. Let x = -1 + 3. Calculate the remainder when h is divided by x.
0
What is the remainder when (3 - 44/8)*-6 is divided by 4?
3
Let i = -10 - -33. Suppose 2*u + 0*u - 46 = -3*a, 4*a + 5*u - 73 = 0. What is the remainder when i is divided by 35/3 + a/36?
11
Suppose -5*q = 5*h - 3*h + 24, 2*q + 3 = -3*h. Let u = 22 + q. Calculate the remainder when 29 is divided by u.
13
Suppose -1 = 3*p - 4. Let g(w) = w**3 + w**2. Let a be g(0). Let x = p - a. What is the remainder when 2 is divided by x?
0
Suppose -2*b = -32 - 20. Calculate the remainder when 127 is divided by b.
23
Let z = 17 - 13. What is the remainder when 9 is divided by z?
1
Let l be (4/(-7))/((-10)/35). Suppose p - l = -0*p. Calculate the remainder when p is divided by 1.
0
Let o be (-36)/(-10) - (-2)/5. Let x = o + -2. Calculate the remainder when 4/(-4*2/(-4)) is divided by x.
0
Suppose 0 = -2*d + 4*m + m + 95, -50 = -d + 2*m. Suppose -4*q + d = q. Let f = 29 + -7. What is the remainder when f is divided by q?
10
Let k = 3 - -1. Suppose 112 = 4*c - 4*b, -7*b - 36 = -c - 2*b. What is the remainder when (-252)/(-52) + 4/c is divided by k?
1
Let m = 2 - -3. Let v(g) = g + 6. What is the remainder when 31 is divided by v(m)?
9
Let y = 19 + -8. What is the remainder when 110/6 + -3 + (-55)/(-15) is divided by y?
8
Suppose -219 = -4*y - 5*c, 6*y + 2*c - 57 = 5*y. What is the remainder when y is divided by 13?
12
Let a = 45 - 35. Calculate the remainder when 25 is divided by a.
5
Let y = 6 - 2. Suppose -y*u = -3*q - 38, -3*u = -2*u + 3*q - 2. What is the remainder when 13 is divided by u?
5
Let a = 39 - 34. What is the remainder when 13 is divided by a?
3
Let w = 34 - 0. What is the remainder when w is divided by 13?
8
Let n(x) = -x**3 - 12*x**2 - x - 7. Calculate the remainder when 7 is divided by n(-12).
2
Suppose 4*b = 5*u - 72, 2*u = -2*u + b + 62. Let i be 86/18 + 18/81. Suppose -i*y - 6 + 36 = 0. Calculate the remainder when u is divided by y.
4
Suppose 0 = -5*p + v - 21, 0 = -2*p - 0*p + 5*v - 13. Calculate the remainder when p/(-14) + 388/14 is divided by 10.
8
Suppose -6*q + 10*q - 24 = 0. Suppose -104 = 3*i + 4*l, 0 = -i + 4*l - 10 + 2. Let w = i - -51. Calculate the remainder when w is divided by q.
5
Let o be 2*(405/(-6))/5. Let r = o - -41. Calculate the remainder when 55 is divided by r.
13
Let o be 124/16 + (-2)/(-8). Calculate the remainder when 29 is divided by 214/14 - o/28.
14
Suppose -2*x - 40 = 6*b - 2*b, -x + 2*b = 8. Calculate the remainder when (-4)/14 + (-32)/x is divided by 1.
0
Let m be (-1378)/(-13) - (0 + 0). Let w = m - 30. What is the remainder when w is divided by 26?
24
Let u be 4/(1/2*4). What is the remainder when -4 + (u - -3) - -41 is divided by 15?
12
Suppose q + 45 = 50. Suppose -3*l + 45 = 4*x, l = -0*x - 2*x + 23. What is the remainder when x is divided by q?
2
What is the remainder when 2*(0 - 50/(-4)) is divided by 2/(13/(-7) + 2)?
11
Suppose 18 + 41 = 2*m + 5*z, m = 2*z + 25. What is the remainder when m is divided by 7?
6
Suppose 4*p - 219 + 43 = 0. What is the remainder when p is divided by 9?
8
Let k(p) = 16*p**3 + p**2 + p - 1. Let l = 170 - 120. Calculate the remainder when l is divided by k(1).
16
Let x = -23 - -30. Let l be (10/6)/((-1)/3). What is the remainder when 2/(-5) - 62/l is divided by x?
5
Suppose 5*h + 8 = -i - 3, 3*h + 11 = -5*i. Let r(x) be the second derivative of -9*x**3/2 - x**2/2 + 12*x. Calculate the remainder when r(i) is divided by 14.
12
Let r be 60/35 + 2/7. Suppose 3*k - r + 20 = 0. Let g = -5 - k. Calculate the remainder when g is divided by 1.
0
Let u be (4/(-10))/((-1)/10). What is the remainder when 14 is divided by (-10)/((-6)/(-3) - u)?
4
Let h be (21 + -7)*3/2. Suppose -57 = -z + h. What is the remainder when z is divided by 20?
18
Let l be (-6)/2 + 1 + -1. Let o be (-44)/(-3) - 1/l. What is the remainder when 23 is divided by (-6)/o + (-62)/(-5)?
11
Suppose 4*o - 24 = -0*o. What is the remainder when 16 is divided by o?
4
Let w be (-2 - 49/2)*-2. Let z = -30 + w. Suppose 0 = b + h - 2 - 13, 2*b = h + 21. What is the remainder when z is divided by b?
11
What is the remainder when (12/9)/(10/135) is divided by 4?
2
Let q be 4/6 - (-43)/3. Suppose 0 = 2*b - 5*m + q, 2*m - 2 - 8 = 0. Suppose 3*v = 2*o - 18, 5 = -o + v + 14. Calculate the remainder when o is divided by b.
4
Suppose -4*f + 3*o - 3 = 0, 4*f = -f + 3*o. Calculate the remainder